{"id":2852,"date":"2021-12-09T12:48:51","date_gmt":"2021-12-09T11:48:51","guid":{"rendered":"http:\/\/www.fliesen-alto.com\/?post_type=product&#038;p=2852"},"modified":"2023-02-01T16:35:06","modified_gmt":"2023-02-01T15:35:06","slug":"silikon-naturstein","status":"publish","type":"product","link":"https:\/\/fliesen-alto.de\/?product=silikon-naturstein","title":{"rendered":"Silikon Naturstein"},"content":{"rendered":"<p>Dauerhaft elastische, langlebige, neutral vernetzte, einkomponentigen Silikondichtmasse.<br \/>\nBesonders geeignet zum Verf\u00fcllen von Bewegungs- und Anschlussfugen bei Beton- und Naturwerkstein.<br \/>\nUmfangreiches Farbsortiment in \u00dcbereinstimmung mit den Rywalit\u00ae Fugenm\u00f6rteln erh\u00e4ltlich. Sehr emissionsarm nach GEV-EMICODE EC 1 Plus.<\/p>\n<p>Rywalit\u00ae Silicon Naturstein ist ein gebrauchsfertiger, spritzf\u00e4higer, neutral vernetzter, Silikondichtstoff zum elastischen Verf\u00fcllen von<br \/>\nAnschluss- und Bewegungsfugen im Bereich Betonwerkstein, Marmor und Natursteinbel\u00e4gen, Keramik- und Sanit\u00e4rbereichen.<br \/>\nInnen und Au\u00dfen, an Fassaden, in Treppenh\u00e4usern oder Treppenanlagen aus Beton- oder Naturwerkstein, an Fensterb\u00e4nken oder bei<br \/>\nK\u00fcchenarbeitsplatten.<br \/>\nAuch geeignet zum Verkleben von Treppenstufen aus Naturstein oder Betonwerkstein auf Treppenkonstruktionen aus Metall und vielen<br \/>\nweiteren Anwendungen.<\/p>\n","protected":false},"excerpt":{"rendered":"<p><img loading=\"lazy\" decoding=\"async\" class=\"alignnone wp-image-2672 size-full\" src=\"http:\/\/www.fliesen-alto.com\/wp-content\/uploads\/2021\/03\/rywalit-e1616015385500.jpg\" alt=\"\" width=\"150\" height=\"28\" \/><\/p>\n<p><strong>Lieferform: 310 ml Kartusche<br \/>\n<\/strong><\/p>\n<p>Dauerhaft elastischer, langlebiger, neutral vernetzter Silikon-Dichtstoff. Besonders geeignet zum Abdichten von Bewegungs- und Anschlussfugen bei Naturstein und Marmor.<\/p>\n<p><strong>Download:<\/strong> <a href=\"http:\/\/www.fliesen-alto.com\/wp-content\/uploads\/2021\/12\/DE_Rywalit-Silicon-Naturstein_2002-375-1585651982.pdf\" target=\"_blank\" rel=\"noopener\">Produktblatt Silikon Naturstein<\/a><\/p>\n<p><img loading=\"lazy\" decoding=\"async\" class=\"alignnone wp-image-2827 size-full\" src=\"http:\/\/www.fliesen-alto.com\/wp-content\/uploads\/2021\/12\/ec1plus-e1639046436875.jpg\" alt=\"\" width=\"80\" height=\"80\" \/><\/p>\n","protected":false},"featured_media":2855,"comment_status":"closed","ping_status":"closed","template":"","meta":[],"product_brand":[],"product_cat":[93],"product_tag":[136,134,133,137],"class_list":{"0":"post-2852","1":"product","2":"type-product","3":"status-publish","4":"has-post-thumbnail","6":"product_cat-fuge-und-silikon","7":"product_tag-abdichtung","8":"product_tag-silicon","9":"product_tag-silikon","10":"product_tag-silikon-naturstein","12":"first","13":"instock","14":"taxable","15":"shipping-taxable","16":"purchasable","17":"product-type-variable","18":"has-default-attributes"},"jetpack_sharing_enabled":true,"_links":{"self":[{"href":"https:\/\/fliesen-alto.de\/index.php?rest_route=\/wp\/v2\/product\/2852","targetHints":{"allow":["GET"]}}],"collection":[{"href":"https:\/\/fliesen-alto.de\/index.php?rest_route=\/wp\/v2\/product"}],"about":[{"href":"https:\/\/fliesen-alto.de\/index.php?rest_route=\/wp\/v2\/types\/product"}],"replies":[{"embeddable":true,"href":"https:\/\/fliesen-alto.de\/index.php?rest_route=%2Fwp%2Fv2%2Fcomments&post=2852"}],"wp:featuredmedia":[{"embeddable":true,"href":"https:\/\/fliesen-alto.de\/index.php?rest_route=\/wp\/v2\/media\/2855"}],"wp:attachment":[{"href":"https:\/\/fliesen-alto.de\/index.php?rest_route=%2Fwp%2Fv2%2Fmedia&parent=2852"}],"wp:term":[{"taxonomy":"product_brand","embeddable":true,"href":"https:\/\/fliesen-alto.de\/index.php?rest_route=%2Fwp%2Fv2%2Fproduct_brand&post=2852"},{"taxonomy":"product_cat","embeddable":true,"href":"https:\/\/fliesen-alto.de\/index.php?rest_route=%2Fwp%2Fv2%2Fproduct_cat&post=2852"},{"taxonomy":"product_tag","embeddable":true,"href":"https:\/\/fliesen-alto.de\/index.php?rest_route=%2Fwp%2Fv2%2Fproduct_tag&post=2852"}],"curies":[{"name":"wp","href":"https:\/\/api.w.org\/{rel}","templated":true}]}}