{"id":2851,"date":"2021-12-09T12:48:06","date_gmt":"2021-12-09T11:48:06","guid":{"rendered":"http:\/\/www.fliesen-alto.com\/?post_type=product&#038;p=2851"},"modified":"2023-02-03T08:31:05","modified_gmt":"2023-02-03T07:31:05","slug":"silikon-keramik-pergamon","status":"publish","type":"product","link":"https:\/\/fliesen-alto.de\/?product=silikon-keramik-pergamon","title":{"rendered":"Silikon Keramik"},"content":{"rendered":"<p>Dauerhaft elastische, langlebige, acetatvernetzte, einkomponentigen Silikondichtmasse.<br \/>\nBesonders geeignet zum Verf\u00fcllen von Bewegungs- und Anschlussfugen in Feuchtr\u00e4umen und bei Fu\u00dfbodenheizung.<br \/>\nUmfangreiches Farbsortiment in \u00dcbereinstimmung mit den Rywalit\u00ae Fugenm\u00f6rteln erh\u00e4ltlich.<br \/>\nSehr emissionsarm nach GEV-EMICODE EC 1 Plus.<\/p>\n<p>Rywalit\u00ae Silicon Keramik ist ein gebrauchsfertiger, spritzf\u00e4higer, essigvernetzter, Silikondichtstoff zum elastischen Verf\u00fcllen von Bewegungsund Anschlussfugen im Keramik- und Sanit\u00e4rbereich, zwischen Fliesenbelag und Sanit\u00e4robjekten wie z.B. Badewannen, Duschwannen Waschund Sp\u00fclbecken oder WC-Becken.<br \/>\nIm Fliesenbereich zwischen Wand- und Bodenfliesen in senkrechten Eckbereichen zwischen Sockel- und Bodenfliesen, bei Bewegungs- und<br \/>\nTrennfugen in keramischen Bel\u00e4gen.<br \/>\nZum Verfugen in Bereichen von T\u00fcrzargen und Fensterrahmen und vielen weiteren Anwendungen.<\/p>\n","protected":false},"excerpt":{"rendered":"<p><img loading=\"lazy\" decoding=\"async\" class=\"alignnone wp-image-2672 size-full\" src=\"http:\/\/www.fliesen-alto.com\/wp-content\/uploads\/2021\/03\/rywalit-e1616015385500.jpg\" alt=\"\" width=\"150\" height=\"28\" \/><\/p>\n<p><strong>Lieferform: 310 ml Kartusche<br \/>\n<\/strong><\/p>\n<p>Dauerhaft elastische, langlebige, einkomponentige-Silicondichtmasse.<\/p>\n<p><strong>Download:<\/strong> <a href=\"http:\/\/www.fliesen-alto.com\/wp-content\/uploads\/2021\/12\/DE_Rywalit-Silicon-Keramik_2002-374-1585651972-1.pdf\" target=\"_blank\" rel=\"noopener\">Produktblatt Silikon Keramik<\/a><\/p>\n<p><img loading=\"lazy\" decoding=\"async\" class=\"alignnone wp-image-2827 size-full\" src=\"http:\/\/www.fliesen-alto.com\/wp-content\/uploads\/2021\/12\/ec1plus-e1639046436875.jpg\" alt=\"\" width=\"80\" height=\"80\" \/><\/p>\n","protected":false},"featured_media":2853,"comment_status":"closed","ping_status":"closed","template":"","meta":[],"product_brand":[],"product_cat":[93],"product_tag":[136,134,133,135],"class_list":{"0":"post-2851","1":"product","2":"type-product","3":"status-publish","4":"has-post-thumbnail","6":"product_cat-fuge-und-silikon","7":"product_tag-abdichtung","8":"product_tag-silicon","9":"product_tag-silikon","10":"product_tag-silikon-keramik","12":"first","13":"instock","14":"taxable","15":"shipping-taxable","16":"purchasable","17":"product-type-variable","18":"has-default-attributes"},"jetpack_sharing_enabled":true,"_links":{"self":[{"href":"https:\/\/fliesen-alto.de\/index.php?rest_route=\/wp\/v2\/product\/2851","targetHints":{"allow":["GET"]}}],"collection":[{"href":"https:\/\/fliesen-alto.de\/index.php?rest_route=\/wp\/v2\/product"}],"about":[{"href":"https:\/\/fliesen-alto.de\/index.php?rest_route=\/wp\/v2\/types\/product"}],"replies":[{"embeddable":true,"href":"https:\/\/fliesen-alto.de\/index.php?rest_route=%2Fwp%2Fv2%2Fcomments&post=2851"}],"wp:featuredmedia":[{"embeddable":true,"href":"https:\/\/fliesen-alto.de\/index.php?rest_route=\/wp\/v2\/media\/2853"}],"wp:attachment":[{"href":"https:\/\/fliesen-alto.de\/index.php?rest_route=%2Fwp%2Fv2%2Fmedia&parent=2851"}],"wp:term":[{"taxonomy":"product_brand","embeddable":true,"href":"https:\/\/fliesen-alto.de\/index.php?rest_route=%2Fwp%2Fv2%2Fproduct_brand&post=2851"},{"taxonomy":"product_cat","embeddable":true,"href":"https:\/\/fliesen-alto.de\/index.php?rest_route=%2Fwp%2Fv2%2Fproduct_cat&post=2851"},{"taxonomy":"product_tag","embeddable":true,"href":"https:\/\/fliesen-alto.de\/index.php?rest_route=%2Fwp%2Fv2%2Fproduct_tag&post=2851"}],"curies":[{"name":"wp","href":"https:\/\/api.w.org\/{rel}","templated":true}]}}